
List the prime factors of 440377040.
2, 5, 5504713
List the prime factors of 63030799.
13, 4848523
What are the prime factors of 1198580371?
181, 6621991
List the prime factors of 108442560.
2, 3, 5, 37, 43, 71
List the prime factors of 5243165.
5, 1048633
List the prime factors of 3084294054.
2, 3, 17, 19, 1591483
List the prime factors of 1504680105.
3, 5, 100312007
List the prime factors of 2290260917.
7, 563, 581137
List the prime factors of 556888911.
3, 269, 690073
List the prime factors of 806668488.
2, 3, 71, 157799
List the prime factors of 60716137.
67, 906211
What are the prime factors of 726458949?
3, 109, 27427
List the prime factors of 33921179.
33921179
List the prime factors of 242951030.
2, 5, 7, 31, 111959
List the prime factors of 788184692.
2, 197046173
List the prime factors of 185204710.
2, 5, 101, 233, 787
What are the prime factors of 2794217979?
3, 7, 523, 254413
List the prime factors of 514945932.
2, 3, 191, 199, 1129
What are the prime factors of 574697377?
109, 5272453
List the prime factors of 57523792.
2, 19, 189223
List the prime factors of 459056401.
31, 14808271
List the prime factors of 65942421.
3, 83, 264829
List the prime factors of 312457293.
3, 1117, 31081
What are the prime factors of 5269749?
3, 151, 11633
List the prime factors of 379081348.
2, 94770337
List the prime factors of 45927190.
2, 5, 757, 6067
What are the prime factors of 7122953963?
7122953963
What are the prime factors of 139189929?
3, 829, 55967
List the prime factors of 260445637.
853, 305329
List the prime factors of 1161433038.
2, 3, 9767, 19819
List the prime factors of 305488499.
41, 503, 14813
What are the prime factors of 559494393?
3, 179, 1041889
What are the prime factors of 74286030?
2, 3, 5, 7, 13, 27211
List the prime factors of 2829849411.
3, 101, 1951, 4787
What are the prime factors of 92234762?
2, 179, 257639
What are the prime factors of 1228044058?
2, 977, 628477
What are the prime factors of 46874975?
5, 7, 267857
What are the prime factors of 1192547326?
2, 596273663
What are the prime factors of 128765174?
2, 17, 41, 71, 1301
What are the prime factors of 836403990?
2, 3, 5, 27880133
List the prime factors of 77791903.
7, 11113129
What are the prime factors of 105887346?
2, 3, 17647891
List the prime factors of 901201651.
7, 29, 31, 71, 2017
What are the prime factors of 24430614?
2, 3, 13, 97, 3229
List the prime factors of 28258874.
2, 7, 103, 19597
List the prime factors of 589188819.
3, 41, 116833
What are the prime factors of 14130581?
14130581
List the prime factors of 158191415.
5, 3323, 9521
List the prime factors of 18836521.
11, 1712411
What are the prime factors of 19980886?
2, 113, 88411
What are the prime factors of 977359951?
5281, 185071
What are the prime factors of 955296619?
29573, 32303
What are the prime factors of 25308556?
2, 7, 13, 23, 3023
What are the prime factors of 11593288?
2, 7, 23, 9001
List the prime factors of 154922058.
2, 3, 47, 20347
List the prime factors of 984827422.
2, 1213, 405947
What are the prime factors of 8858457?
3, 71, 4621
What are the prime factors of 28750533?
3, 7, 751, 1823
What are the prime factors of 169066434?
2, 3, 28177739
What are the prime factors of 253627733?
1069, 237257
List the prime factors of 72080861.
72080861
List the prime factors of 121988975.
5, 1999, 2441
List the prime factors of 51600880.
2, 5, 645011
List the prime factors of 572989971.
3, 1373, 139109
What are the prime factors of 22381320?
2, 3, 5, 13, 14347
What are the prime factors of 159031234?
2, 79515617
List the prime factors of 22285023.
3, 7428341
What are the prime factors of 473313853?
191, 2478083
List the prime factors of 14521966.
2, 19, 47, 173
List the prime factors of 7811676194.
2, 7, 67, 8328013
List the prime factors of 1815835669.
1815835669
List the prime factors of 128099937.
3, 7, 239, 25523
List the prime factors of 232259032.
2, 17, 1707787
What are the prime factors of 19208858?
2, 479, 20051
What are the prime factors of 3995250494?
2, 41, 1697, 28711
What are the prime factors of 41779632?
2, 3, 19, 61, 751
List the prime factors of 49551301.
47, 709, 1487
What are the prime factors of 229878094?
2, 149, 771403
List the prime factors of 1348521079.
1348521079
List the prime factors of 1963775812.
2, 2179, 225307
What are the prime factors of 322216982?
2, 23, 7004717
List the prime factors of 25803615.
3, 5, 19, 37, 2447
List the prime factors of 2030005571.
11, 41, 701, 6421
What are the prime factors of 106189374?
2, 3, 337, 52517
List the prime factors of 403483723.
593, 680411
List the prime factors of 126687212.
2, 19, 41, 109, 373
List the prime factors of 1207569414.
2, 3, 23, 1879, 4657
List the prime factors of 4895307.
3, 73, 7451
List the prime factors of 493635335.
5, 227, 434921
What are the prime factors of 134147173?
83, 1616231
What are the prime factors of 1624674926?
2, 7, 116048209
List the prime factors of 403542207.
3, 359, 124897
List the prime factors of 230507709.
3, 17, 727, 6217
List the prime factors of 216090696.
2, 3, 9003779
List the prime factors of 66230844.
2, 3, 17, 324661
What are the prime factors of 1834049134?
2, 47, 19511161
What are the prime factors of 193510241?
193510241
List the prime factors of 57310218.
2, 3, 7, 454843
List the prime factors of 133435989.
3, 29, 461, 1109
List the prime factors of 114417815.
5, 59, 387857
List the prime factors of 77406496.
2, 2418953
What are the prime factors of 63829280?
2, 5, 398933
List the prime factors of 97139476.
2, 7, 19, 182593
What are the prime factors of 54687717?
3, 7, 96451
What are the prime factors of 5066814625?
5, 103, 393539
List the prime factors of 35520137.
337, 105401
What are the prime factors of 139777736?
2, 7, 2496031
List the prime factors of 1764868546.
2, 7, 101, 241, 5179
List the prime factors of 114282371.
7, 179, 223, 409
List the prime factors of 67188325.
5, 89, 30197
List the prime factors of 83981101.
2609, 32189
List the prime factors of 394890612.
2, 3, 3361, 9791
List the prime factors of 8764652.
2, 13, 41, 4111
List the prime factors of 163357352.
2, 17, 31, 38747
What are the prime factors of 49611224?
2, 13, 477031
What are the prime factors of 27224167?
109, 249763
What are the prime factors of 218624306?
2, 3673, 29761
List the prime factors of 117208747.
103, 311, 3659
What are the prime factors of 7253976351?
3, 19, 71, 1792433
What are the prime factors of 11028204?
2, 3, 11, 9283
List the prime factors of 66690907.
53, 1258319
List the prime factors of 1229523193.
19, 3617, 17891
What are the prime factors of 61930084?
2, 2711, 5711
List the prime factors of 927774237.
3, 13, 19, 1252057
What are the prime factors of 4640832598?
2, 911, 1453, 1753
List the prime factors of 130742810.
2, 5, 11, 23, 31, 1667
What are the prime factors of 225920936?
2, 28240117
What are the prime factors of 83780994?
2, 3, 11, 19, 71, 941
What are the prime factors of 40502623?
7, 19, 233, 1307
List the prime factors of 45384246.
2, 3, 29, 73, 397
List the prime factors of 6956848.
2, 434803
List the prime factors of 257510149.
13, 31, 139, 4597
List the prime factors of 530355282.
2, 3, 79, 1118893
What are the prime factors of 110965488?
2, 3, 109, 127, 167
List the prime factors of 142049519.
142049519
What are the prime factors of 26030118?
2, 3, 4338353
What are the prime factors of 89115506?
2, 691, 64483
What are the prime factors of 2418134?
2, 251, 4817
List the prime factors of 257752748.
2, 11, 532547
What are the prime factors of 539151535?
5, 13, 31, 267569
List the prime factors of 106284874.
2, 41, 137, 9461
What are the prime factors of 191824459?
89, 1021, 2111
List the prime factors of 54594070.
2, 5, 349, 15643
What are the prime factors of 154189006?
2, 77094503
What are the prime factors of 278957236?
2, 73, 955333
What are the prime factors of 1059090877?
13, 2423, 33623
List the prime factors of 47344086.
2, 3, 19, 138433
List the prime factors of 2028617175.
3, 5, 13, 19, 109507
What are the prime factors of 148771763?
7, 21253109
What are the prime factors of 209138715?
3, 5, 4647527
List the prime factors of 69581565.
3, 5, 107, 4817
What are the prime factors of 221959718?
2, 17, 797, 8191
List the prime factors of 